e -2 = -2*s + 3*m - 4, -4*m + 16 = 4*s. Let v be ((-9)/(-12))/(s/48). Suppose -785 = -434*o + 3121. Calculate the greatest common factor of v and o.
9
Suppose 254*i - 259*i + 745 = 0. Suppose -667 - i = -3*p. Calculate the greatest common divisor of 17 and p.
17
Let u be ((-540)/126)/(6/(-1778)) + 0 + -1. What is the greatest common divisor of u and 94?
47
Let k be (-1 + (5 - 2))/(11105/1110 - 10). Calculate the greatest common divisor of 7252 and k.
148
Suppose 0 = -3*n + 6*n - 36. Let x = 116 + 159. Suppose 0 = v - x + 227. What is the highest common factor of n and v?
12
Let y = 371 - 141. Let d = y - 222. Let u be (16/10)/((-3)/(-15)). What is the highest common divisor of u and d?
8
Let y(g) = 4*g**2 - 13*g - 15. Let r be y(21). Calculate the highest common factor of r and 820.
164
Let z(b) = 5*b**2 - 3*b - 88. Let p be z(6). What is the highest common factor of p and 3182?
74
Suppose -2*d - 229 = -4*r + 129, 5*r - 4*d = 446. Let c(k) = k**3 + 8*k**2 + 10*k + 6. Let y be c(-6). Calculate the greatest common factor of y and r.
18
Let m(d) = 4*d**2 + 35*d - 378. Let y be m(12). What is the highest common factor of y and 24?
6
Suppose 2*h = 2*v + 342, -7*h - 8 = -9*h. Let w = 182 + v. What is the highest common divisor of 55 and w?
5
Suppose -23*d + 27*d = -64. Let u be -20*(4/d)/(5/10). Calculate the greatest common divisor of 18 and u.
2
Suppose 12701 = 51*s - 160546. Calculate the highest common factor of s and 43.
43
Let g(p) = 3*p**2 + 42*p + 21. Let w be g(-15). What is the highest common divisor of w and 913?
11
Let n be (-6)/(-8) + 400/64. Let r be 7/(n/(-3)) + 40. Calculate the highest common factor of r and 148.
37
Let q = -9411 + 9487. Suppose 0*d = -2*d + 32. What is the greatest common divisor of d and q?
4
Suppose 0 = -20*r - 82 - 38. Let t(p) = -2*p**3 - 13*p**2 - 4*p + 18. Let u be t(r). What is the highest common factor of u and 108?
6
Let o = -5399 + 5829. What is the greatest common divisor of o and 170?
10
Suppose 130 = 5*u - 2*p, -31 = -u + 5*p - 5. Suppose 9 - 15 = 2*n. Let o be 8 - (-9 - -18) - n/1. Calculate the greatest common divisor of o and u.
2
Let x be -1 - 4/(12/(-87)). Let l = -611 - -671. Suppose -332 = -7*k + l. Calculate the highest common divisor of x and k.
28
Let o = 9160 - 9131. Calculate the highest common factor of 13543 and o.
29
Let y = -6 - 15. Let l = -18 - y. Suppose -12 = m - 33. Calculate the highest common divisor of m and l.
3
Let y be (10 + -1)*(23 + 4). Suppose 0 = -5*s - t + 97, 18*s - 20*s + 5*t = -1. Calculate the highest common factor of y and s.
9
Suppose 11483 + 59725 = 142*y - 50*y. What is the highest common factor of 3698 and y?
86
Suppose -20 = 18*t + 124. Let z(q) = -12*q - 15 + 2*q + 0*q. Let d be z(t). Calculate the highest common factor of 13 and d.
13
Let n = 36 - 22. Let d(o) = -3*o + 0*o + 4 + o**3 + o**2 - n. Let t be d(6). Calculate the highest common divisor of t and 28.
28
Let k(y) = 12*y**2 + 17*y + 31. Let q be k(-2). Suppose -6*o + 7 = -83. Calculate the greatest common factor of q and o.
15
Let t(v) = -18*v**3 - 182*v**2 - 24*v. Let h be t(-10). What is the greatest common factor of 232 and h?
8
Let r = 114036 + -114017. Let n be (-2)/8 - (-18)/8. Calculate the highest common factor of n and r.
1
Suppose -19*h + 35245 = 16*h + 18*h. What is the highest common divisor of h and 105?
35
Let t(n) = 91*n + 32. Let r be t(3). Let z = -5 + r. Calculate the highest common divisor of 120 and z.
60
Let k be ((-24)/9)/(16/(-456)). Let c = 19 - 16. Let y be (-133)/21*(-21 + c). What is the greatest common divisor of y and k?
38
Suppose 3*m + 2*d - 384 - 44 = 0, 5*m - 724 = 2*d. Calculate the highest common factor of 612 and m.
36
Suppose -298*p = -363*p + 455. What is the greatest common divisor of 1939 and p?
7
Suppose 0 = -g - 2*c + 9, 4*c + 9 + 3 = 0. Calculate the greatest common factor of 1765 and g.
5
Let n(l) = 13*l + 93. Let o(s) = -39*s - 275. Let c(z) = 11*n(z) + 4*o(z). Let k be c(-7). What is the highest common divisor of 259 and k?
7
Let o(u) = -250*u - 997. Let z be o(-4). What is the highest common factor of 2661 and z?
3
Let s be 141505/156 - (-4)/(-48). What is the greatest common factor of s and 1?
1
Let j be (-6 + 14 + -7)*-1 - -617. Calculate the highest common divisor of j and 392.
56
Let h = 42047 + -41457. What is the greatest common divisor of 250 and h?
10
Suppose u + 127 = -3*z + 714, -4*z - 1852 = -3*u. Calculate the greatest common divisor of 96 and u.
32
Let j(d) = -d**3 - 11*d**2 - 2*d + 5. Let t be j(-11). Suppose 84*z = 169*z - 29070. Calculate the greatest common divisor of t and z.
9
Suppose 135 = 12*g - 15*g. Suppose 4*q + 5*c = 10, -2*q - 4*c + 3 = 1. Let f be 298/q + (-18)/g. What is the greatest common divisor of f and 10?
10
Let p(n) = 4*n**3 + 18 + 15 + 2*n**2 + 21*n - 42. Let x be p(6). Calculate the greatest common factor of x and 13.
13
Let p be 43/(((-1752)/144)/(-73)). Calculate the highest common divisor of p and 10664.
86
Suppose -n + 3782 = -9*p + 14*p, 0 = -4*p - 3*n + 3030. Calculate the highest common divisor of p and 112.
28
Suppose 17 = -3*i + 404. Let a = -824 + 826. Suppose 3*h - i = -a*c, h = -4*c + 38 - 5. What is the greatest common divisor of h and 18?
9
Suppose -1 = 2*f - 3. Suppose -b = 2*s - 8, 2*b - s - f = -0*b. Let o be (-1)/(b - (-231)/(-114)). What is the greatest common factor of o and 57?
19
Suppose 6*p - 264 = -282. Let i be ((-16)/6 - p)*405. Let z(o) = -o**3 + 4*o. Let b be z(-3). Calculate the highest common factor of i and b.
15
Let c(m) = 97*m**2 - 49*m - 29. Let n be c(-7). Calculate the greatest common divisor of 9 and n.
9
Let s = -2156 + 2160. What is the greatest common factor of s and 2024?
4
Let i(t) = t**3 + 4. Let x be i(0). Let z = -6125 + 6128. Calculate the greatest common factor of z and x.
1
Suppose -3*c + 13 = -5*f - 39, -3*f - 12 = -c. Let i = c - 15. Let p = 877 + -760. What is the highest common divisor of i and p?
9
Suppose -2*r - 5*a = -72200, -2*r + 50382 = -3*a - 21882. What is the greatest common divisor of 30 and r?
30
Suppose 5*j - 545 = -3*w, 2*j + 5*w - 199 = -0*j. Let s(x) = x**3 - 2*x**2 - 7*x. Let m be s(4). What is the greatest common divisor of m and j?
4
Suppose f + 222 = 3*f. Let i(t) = 5*t + 55. Let x be i(-10). Suppose 4*o + f = x*d, -3*o + o = 3*d - 49. Calculate the highest common factor of 19 and d.
19
Suppose 0 = -5*a - y + 380, 0 = -8*a + 3*a + 2*y + 365. Calculate the greatest common divisor of 855 and a.
15
Suppose 108*g = 105*g - 459. Let f = 167 + g. Let n(z) = -7*z. Let s be n(-3). Calculate the highest common divisor of f and s.
7
Suppose -37*h + 48*h - 231 = 0. Suppose 29*k - 29 = -2*o + 24*k, 23 = 2*o - k. What is the highest common factor of h and o?
3
Let x(s) = 900*s + 0*s**2 - 903*s - 5*s**2 + 14 - s**3. Let r be x(-6). Let a = -97 + 199. Calculate the highest common factor of r and a.
34
Suppose 2*x = x + 3*j, 2*x + 3*j - 9 = 0. Suppose -q = x*q - 156. Let n = -2817 - -2843. Calculate the highest common factor of n and q.
13
Let c = 314 + -284. Calculate the greatest common divisor of c and 474.
6
Let g(o) = 8 + 8*o + 6 - 16 + 7. Let w be g(0). Suppose 500 = 25*u - w*u. Calculate the highest common factor of 1 and u.
1
Let c(i) = -121*i + 23. Let p be c(-5). Let f = -538 + p. Let s = 69 - 24. Calculate the greatest common factor of s and f.
45
Suppose n + 7*r - 3*r = -2, 0 = -4*n - 5*r + 14. Let h = n - -45. Calculate the highest common factor of 85 and h.
17
Let l(v) = -544*v + 3111. Let k be l(-3). Calculate the highest common divisor of k and 612.
153
Suppose 8*l = -2*l - 3250. Let w = -165 - l. Suppose w + 176 = 7*o. Calculate the highest common divisor of o and 32.
16
Let c = 80 + -77. Let v be -2 + 199 - (c + -3). Suppose -4*z - 15*p + 146 = -10*p, p + v = 5*z. Calculate the greatest common divisor of 104 and z.
13
Let n be (-9155)/(-235) - (-34)/799. Let h = -1 + 2. Let j = h - -25. Calculate the greatest common factor of n and j.
13
Let y(r) = -946*r - 3676. Let o be y(-4). What is the greatest common divisor of 21276 and o?
108
Let h be (-3 + 1 + -5 + 598)/(-1). Let f = -590 - h. Calculate the highest common divisor of 70 and f.
1
Let b be (-1 - -1)/((-12)/(-12)). Suppose 3*g - g - 2*n - 18 = b, -4*n + 41 = 3*g. What is the greatest comm